{"id":31,"date":"2016-11-25T20:08:11","date_gmt":"2016-11-25T20:08:11","guid":{"rendered":"http:\/\/bullas.es\/multisite\/desarrollo-local\/?page_id=31"},"modified":"2018-01-16T17:22:57","modified_gmt":"2018-01-16T17:22:57","slug":"centro-local-de-empleo","status":"publish","type":"page","link":"https:\/\/bullas.es\/desarrollo-local\/centro-local-de-empleo\/","title":{"rendered":"Centro Local de Empleo"},"content":{"rendered":"<div id=\"cs-content\" class=\"cs-content\" ><div id=\"x-section-1\" class=\"x-section\" style=\"margin: 0px;padding: 10px 0px; background-color: transparent;\"  ><div class=\"x-container max width\" style=\"margin: 0px auto;padding: 0px;\"  ><div  class=\"x-column x-sm x-1-1\" style=\"padding: 0px;\" ><h1  class=\"h-custom-headline h2\" ><span>Centro Local de Empleo<\/span><\/h1><\/div><\/div><div class=\"x-container max width\" style=\"margin: 0px auto;padding: 0px;\"  ><div  class=\"x-column x-sm x-1-1\" style=\"padding: 0px;\" ><img  class=\"x-img x-img-none\"  src=\"http:\/\/bullas.es\/desarrollo-local\/wp-content\/uploads\/sites\/3\/2016\/12\/friso.png\" ><\/div><\/div><div class=\"x-container max width\" style=\"margin: 0px auto;padding: 0px;\"  ><div  class=\"x-column x-sm x-1-1\" style=\"padding: 0px;\" ><hr  class=\"x-hr\" style=\"border-top-width: 1px;\"><\/div><\/div><\/div><div id=\"x-section-2\" class=\"x-section\" style=\"margin: 0px;padding: 45px 0px; background-color: transparent;\"  ><div class=\"x-container max width\" style=\"margin: 0px auto;padding: 0px;\"  ><div  class=\"x-column x-sm x-1-3\" style=\"padding: 0px; background-color:hsla(319, 96%, 31%, 0.95);\" ><div class=\"x-text\"  ><p style=\"text-align: center;\"><span style=\"color: #ffffff;\">CONTACTO<\/span><br \/>\n<span style=\"color: #ffffff;\"> centrolocalempleo@bullas.es<\/span><\/p>\n<\/div><\/div><div  class=\"x-column x-sm x-2-3\" style=\"padding: 0px;\" ><div class=\"x-text\"  ><p>Es un servicio del <strong>SEF (Servicio de Empleo y Formaci\u00f3n)<\/strong> y del Ayuntamiento de Bullas.<\/p>\n<\/div><\/div><\/div><\/div><div id=\"x-section-3\" class=\"x-section\" style=\"margin: 0px;padding: 10px 0px; background-color: transparent;\"  ><div class=\"x-container max width\" style=\"margin: 0px auto;padding: 0px;\"  ><div  class=\"x-column x-sm x-1-1\" style=\"padding: 0px;\" ><h2  class=\"h-custom-headline h4\" ><span>OBJETIVO<\/span><\/h2><\/div><\/div><div class=\"x-container max width\" style=\"margin: 0px auto;padding: 0px;\"  ><div  class=\"x-column x-sm x-1-1\" style=\"padding: 0px;\" ><div class=\"x-text\"  ><p>Facilitar a los usuarios inscritos en el SEF, como demandantes de empleo, una serie de t\u00e9cnicas y recursos que les permita su incorporaci\u00f3n al mercado laboral y \/ o formativo. Adapt\u00e1ndonos a las necesidades e intereses de los diferentes usuarios.<\/p>\n<\/div><\/div><\/div><div class=\"x-container max width\" style=\"margin: 0px auto;padding: 0px;\"  ><div  class=\"x-column x-sm x-1-1\" style=\"padding: 0px;\" ><h2  class=\"h-custom-headline h4\" ><span>USUARIOS<\/span><\/h2><\/div><\/div><div class=\"x-container max width\" style=\"margin: 0px auto;padding: 0px;\"  ><div  class=\"x-column x-sm x-1-1\" style=\"padding: 0px;\" ><div class=\"x-text\"  ><p>Durante el periodo de realizaci\u00f3n de las diferentes acciones, se atienden una media de 200 usuarios.<\/p>\n<\/div><\/div><\/div><div class=\"x-container max width\" style=\"margin: 0px auto;padding: 0px;\"  ><div  class=\"x-column x-sm x-1-1\" style=\"padding: 0px;\" ><h2  class=\"h-custom-headline h4\" ><span>ACCIONES<\/span><\/h2><\/div><\/div><div class=\"x-container max width\" style=\"margin: 0px auto;padding: 0px;\"  ><div  class=\"x-column x-sm x-1-1\" style=\"padding: 0px;\" ><div class=\"x-text\"  ><p><strong>Tutor\u00edas Individualizadas:<\/strong> En este servicio se pretende dar, una orientaci\u00f3n Profesional y\/o formativa, encaminada a facilitar la b\u00fasqueda activa de empleo y formaci\u00f3n, a lo largo de una serie de entrevistas, para facilitar aquellas t\u00e9cnicas y recursos requeridas por los usuarios adapt\u00e1ndonos siempre a sus perfil profesional y\/o formativo.<\/p>\n<p><strong>Talleres Grupales:<\/strong> Se ofertan los siguientes Talleres:<\/p>\n<ul>\n<li><em>Desarrollo de Aspectos Personales para la Ocupaci\u00f3n<\/em>. Es una acci\u00f3n encaminada a incidir sobre los aspectos personales que facilitan la puesta en marcha y mantenimiento de actividades en un proceso de inserci\u00f3n profesional. Consistiendo en una serie de sesiones grupales, donde se incide en la activaci\u00f3n de los recursos personales (habilidades sociales y comunicaci\u00f3n), que facilitan la b\u00fasqueda de empleo.<\/li>\n<li><em> B\u00fasqueda Activa de Empleo<\/em>. Acci\u00f3n que configura grupos de trabajo en los que el usuario se compromete a llevar a cabo una b\u00fasqueda de empleo activa, organizada y planificada. Consiste en la puesta en pr\u00e1ctica de las t\u00e9cnicas de B\u00fasqueda de empleo con el asesoramiento de un t\u00e9cnico que coordina a los participantes.<\/li>\n<li><em> Taller de Entrevista<\/em>. Acci\u00f3n que facilita el entrenamiento y pr\u00e1ctica de las habilidades necesarias para afrontar con \u00e9xito la entrevista de selecci\u00f3n profesional. Consiste en un Taller desarrollado en varias sesiones en las que se ensayan y simulan situaciones propias de la entrevista de selecci\u00f3n.<\/li>\n<\/ul>\n<p><strong>Autoempleo:<\/strong> El servicio de Asistencia para el Autoempleo, se compone de dos acciones:<\/p>\n<ul>\n<li>Informaci\u00f3n y Motivaci\u00f3n para el Autoempleo.<\/li>\n<li>Asesoramiento de Proyectos Empresariales<\/li>\n<\/ul>\n<p>Estas acciones tienen por objeto favorecer la inserci\u00f3n laboral de los trabajadores desempleados mediante el acceso al empleo por cuenta propia.<\/p>\n<\/div><\/div><\/div><\/div><\/div>\n","protected":false},"excerpt":{"rendered":"","protected":false},"author":5,"featured_media":0,"parent":0,"menu_order":0,"comment_status":"closed","ping_status":"closed","template":"template-blank-4.php","meta":[],"yoast_head":"<!-- This site is optimized with the Yoast SEO plugin v16.6.1 - https:\/\/yoast.com\/wordpress\/plugins\/seo\/ -->\n<meta name=\"robots\" content=\"index, follow, max-snippet:-1, max-image-preview:large, max-video-preview:-1\" \/>\n<link rel=\"canonical\" href=\"https:\/\/bullas.es\/desarrollo-local\/centro-local-de-empleo\/\" \/>\n<meta property=\"og:locale\" content=\"es_ES\" \/>\n<meta property=\"og:type\" content=\"article\" \/>\n<meta property=\"og:title\" content=\"Centro Local de Empleo - Desarrollo Local\" \/>\n<meta property=\"og:url\" content=\"https:\/\/bullas.es\/desarrollo-local\/centro-local-de-empleo\/\" \/>\n<meta property=\"og:site_name\" content=\"Desarrollo Local\" \/>\n<meta property=\"article:modified_time\" content=\"2018-01-16T17:22:57+00:00\" \/>\n<meta name=\"twitter:card\" content=\"summary\" \/>\n<meta name=\"twitter:label1\" content=\"Tiempo de lectura\" \/>\n\t<meta name=\"twitter:data1\" content=\"4 minutos\" \/>\n<script type=\"application\/ld+json\" class=\"yoast-schema-graph\">{\"@context\":\"https:\/\/schema.org\",\"@graph\":[{\"@type\":\"WebSite\",\"@id\":\"https:\/\/bullas.es\/desarrollo-local\/#website\",\"url\":\"https:\/\/bullas.es\/desarrollo-local\/\",\"name\":\"Desarrollo Local\",\"description\":\"\",\"potentialAction\":[{\"@type\":\"SearchAction\",\"target\":{\"@type\":\"EntryPoint\",\"urlTemplate\":\"https:\/\/bullas.es\/desarrollo-local\/?s={search_term_string}\"},\"query-input\":\"required name=search_term_string\"}],\"inLanguage\":\"es\"},{\"@type\":\"WebPage\",\"@id\":\"https:\/\/bullas.es\/desarrollo-local\/centro-local-de-empleo\/#webpage\",\"url\":\"https:\/\/bullas.es\/desarrollo-local\/centro-local-de-empleo\/\",\"name\":\"Centro Local de Empleo - Desarrollo Local\",\"isPartOf\":{\"@id\":\"https:\/\/bullas.es\/desarrollo-local\/#website\"},\"datePublished\":\"2016-11-25T20:08:11+00:00\",\"dateModified\":\"2018-01-16T17:22:57+00:00\",\"breadcrumb\":{\"@id\":\"https:\/\/bullas.es\/desarrollo-local\/centro-local-de-empleo\/#breadcrumb\"},\"inLanguage\":\"es\",\"potentialAction\":[{\"@type\":\"ReadAction\",\"target\":[\"https:\/\/bullas.es\/desarrollo-local\/centro-local-de-empleo\/\"]}]},{\"@type\":\"BreadcrumbList\",\"@id\":\"https:\/\/bullas.es\/desarrollo-local\/centro-local-de-empleo\/#breadcrumb\",\"itemListElement\":[{\"@type\":\"ListItem\",\"position\":1,\"name\":\"Portada\",\"item\":\"https:\/\/bullas.es\/desarrollo-local\/\"},{\"@type\":\"ListItem\",\"position\":2,\"name\":\"Centro Local de Empleo\"}]}]}<\/script>\n<!-- \/ Yoast SEO plugin. -->","_links":{"self":[{"href":"https:\/\/bullas.es\/desarrollo-local\/wp-json\/wp\/v2\/pages\/31"}],"collection":[{"href":"https:\/\/bullas.es\/desarrollo-local\/wp-json\/wp\/v2\/pages"}],"about":[{"href":"https:\/\/bullas.es\/desarrollo-local\/wp-json\/wp\/v2\/types\/page"}],"author":[{"embeddable":true,"href":"https:\/\/bullas.es\/desarrollo-local\/wp-json\/wp\/v2\/users\/5"}],"replies":[{"embeddable":true,"href":"https:\/\/bullas.es\/desarrollo-local\/wp-json\/wp\/v2\/comments?post=31"}],"version-history":[{"count":8,"href":"https:\/\/bullas.es\/desarrollo-local\/wp-json\/wp\/v2\/pages\/31\/revisions"}],"predecessor-version":[{"id":250,"href":"https:\/\/bullas.es\/desarrollo-local\/wp-json\/wp\/v2\/pages\/31\/revisions\/250"}],"wp:attachment":[{"href":"https:\/\/bullas.es\/desarrollo-local\/wp-json\/wp\/v2\/media?parent=31"}],"curies":[{"name":"wp","href":"https:\/\/api.w.org\/{rel}","templated":true}]}}

<div id="cs-content" class="cs-content" ><div id="x-section-1" class="x-section" style="margin: 0px;padding: 10px 0px; background-color: transparent;"  ><div class="x-container max width" style="margin: 0px auto;padding: 0px;"  ><div  class="x-column x-sm x-1-1" style="padding: 0px;" ><h1  class="h-custom-headline h2" ><span>Centro Local de Empleo</span></h1></div></div><div class="x-container max width" style="margin: 0px auto;padding: 0px;"  ><div  class="x-column x-sm x-1-1" style="padding: 0px;" ><img  class="x-img x-img-none"  src="http://bullas.es/desarrollo-local/wp-content/uploads/sites/3/2016/12/friso.png" ></div></div><div class="x-container max width" style="margin: 0px auto;padding: 0px;"  ><div  class="x-column x-sm x-1-1" style="padding: 0px;" ><hr  class="x-hr" style="border-top-width: 1px;"></div></div></div><div id="x-section-2" class="x-section" style="margin: 0px;padding: 45px 0px; background-color: transparent;"  ><div class="x-container max width" style="margin: 0px auto;padding: 0px;"  ><div  class="x-column x-sm x-1-3" style="padding: 0px; background-color:hsla(319, 96%, 31%, 0.95);" ><div class="x-text"  ><p style="text-align: center;"><span style="color: #ffffff;">CONTACTO</span><br />
<span style="color: #ffffff;"> centrolocalempleo@bullas.es</span></p>
</div></div><div  class="x-column x-sm x-2-3" style="padding: 0px;" ><div class="x-text"  ><p>Es un servicio del <strong>SEF (Servicio de Empleo y Formación)</strong> y del Ayuntamiento de Bullas.</p>
</div></div></div></div><div id="x-section-3" class="x-section" style="margin: 0px;padding: 10px 0px; background-color: transparent;"  ><div class="x-container max width" style="margin: 0px auto;padding: 0px;"  ><div  class="x-column x-sm x-1-1" style="padding: 0px;" ><h2  class="h-custom-headline h4" ><span>OBJETIVO</span></h2></div></div><div class="x-container max width" style="margin: 0px auto;padding: 0px;"  ><div  class="x-column x-sm x-1-1" style="padding: 0px;" ><div class="x-text"  ><p>Facilitar a los usuarios inscritos en el SEF, como demandantes de empleo, una serie de técnicas y recursos que les permita su incorporación al mercado laboral y / o formativo. Adaptándonos a las necesidades e intereses de los diferentes usuarios.</p>
</div></div></div><div class="x-container max width" style="margin: 0px auto;padding: 0px;"  ><div  class="x-column x-sm x-1-1" style="padding: 0px;" ><h2  class="h-custom-headline h4" ><span>USUARIOS</span></h2></div></div><div class="x-container max width" style="margin: 0px auto;padding: 0px;"  ><div  class="x-column x-sm x-1-1" style="padding: 0px;" ><div class="x-text"  ><p>Durante el periodo de realización de las diferentes acciones, se atienden una media de 200 usuarios.</p>
</div></div></div><div class="x-container max width" style="margin: 0px auto;padding: 0px;"  ><div  class="x-column x-sm x-1-1" style="padding: 0px;" ><h2  class="h-custom-headline h4" ><span>ACCIONES</span></h2></div></div><div class="x-container max width" style="margin: 0px auto;padding: 0px;"  ><div  class="x-column x-sm x-1-1" style="padding: 0px;" ><div class="x-text"  ><p><strong>Tutorías Individualizadas:</strong> En este servicio se pretende dar, una orientación Profesional y/o formativa, encaminada a facilitar la búsqueda activa de empleo y formación, a lo largo de una serie de entrevistas, para facilitar aquellas técnicas y recursos requeridas por los usuarios adaptándonos siempre a sus perfil profesional y/o formativo.</p>
<p><strong>Talleres Grupales:</strong> Se ofertan los siguientes Talleres:</p>
<ul>
<li><em>Desarrollo de Aspectos Personales para la Ocupación</em>. Es una acción encaminada a incidir sobre los aspectos personales que facilitan la puesta en marcha y mantenimiento de actividades en un proceso de inserción profesional. Consistiendo en una serie de sesiones grupales, donde se incide en la activación de los recursos personales (habilidades sociales y comunicación), que facilitan la búsqueda de empleo.</li>
<li><em> Búsqueda Activa de Empleo</em>. Acción que configura grupos de trabajo en los que el usuario se compromete a llevar a cabo una búsqueda de empleo activa, organizada y planificada. Consiste en la puesta en práctica de las técnicas de Búsqueda de empleo con el asesoramiento de un técnico que coordina a los participantes.</li>
<li><em> Taller de Entrevista</em>. Acción que facilita el entrenamiento y práctica de las habilidades necesarias para afrontar con éxito la entrevista de selección profesional. Consiste en un Taller desarrollado en varias sesiones en las que se ensayan y simulan situaciones propias de la entrevista de selección.</li>
</ul>
<p><strong>Autoempleo:</strong> El servicio de Asistencia para el Autoempleo, se compone de dos acciones:</p>
<ul>
<li>Información y Motivación para el Autoempleo.</li>
<li>Asesoramiento de Proyectos Empresariales</li>
</ul>
<p>Estas acciones tienen por objeto favorecer la inserción laboral de los trabajadores desempleados mediante el acceso al empleo por cuenta propia.</p>
</div></div></div></div></div>
