{"id":35,"date":"2016-11-25T20:09:22","date_gmt":"2016-11-25T20:09:22","guid":{"rendered":"http:\/\/bullas.es\/multisite\/desarrollo-local\/?page_id=35"},"modified":"2022-01-05T18:19:58","modified_gmt":"2022-01-05T18:19:58","slug":"bullas-en-europa","status":"publish","type":"page","link":"https:\/\/bullas.es\/desarrollo-local\/bullas-en-europa\/","title":{"rendered":"Bullas en Europa"},"content":{"rendered":"<div id=\"cs-content\" class=\"cs-content\" ><div id=\"x-section-1\" class=\"x-section\" style=\"margin: 0px;padding: 10px 0px; background-color: transparent;\"  ><div class=\"x-container max width\" style=\"margin: 0px auto;padding: 0px;\"  ><div  class=\"x-column x-sm x-1-1\" style=\"padding: 0px;\" ><h1  class=\"h-custom-headline h2\" ><span>Bullas en Europa<\/span><\/h1><\/div><\/div><div class=\"x-container max width\" style=\"margin: 0px auto;padding: 0px;\"  ><div  class=\"x-column x-sm x-1-1\" style=\"padding: 0px;\" ><img  class=\"x-img x-img-none\"  src=\"http:\/\/bullas.es\/desarrollo-local\/wp-content\/uploads\/sites\/3\/2016\/12\/friso.png\" ><\/div><\/div><div class=\"x-container max width\" style=\"margin: 0px auto;padding: 0px;\"  ><div  class=\"x-column x-sm x-1-1\" style=\"padding: 0px;\" ><hr  class=\"x-hr\" style=\"border-top-width: 1px;width: 100%;\"><\/div><\/div><\/div><div id=\"x-section-2\" class=\"x-section\" style=\"margin: 0px;padding: 10px 0px; background-color: transparent;\"  ><div class=\"x-container max width\" style=\"margin: 0px auto;padding: 0px;\"  ><div  class=\"x-column x-sm x-2-3\" style=\"padding: 0px;\" ><div class=\"x-text\"  ><p>La Agencia de Desarrollo Local de Bullas ha participado en diversos programas europeos, integr\u00e1ndose en varias redes de colaboraci\u00f3n transnacional en el marco de la Uni\u00f3n Europea.<\/p>\n<p>En la actualidad se encuentran vigentes los siguientes proyectos:<\/p>\n<ul>\n<li><strong>Vinest<\/strong><\/li>\n<li><strong><a href=\"http:\/\/www.lifesecadapt.eu\/menu-home\/who-we-are\/\" target=\"_blank\" rel=\"noopener\">Life Sec Adapt<\/a><\/strong><\/li>\n<\/ul>\n<p>Por otro lado, la entidad <strong><a href=\"http:\/\/www.integral.es\/\" target=\"_blank\" rel=\"noopener\">Integral, Sociedad para el Desarrollo Rural<\/a><\/strong>, constituida para fomentar y apoyar el desarrollo de las \u00e1reas rurales del Noroeste de Murcia, comarca del R\u00edo Mula, Sierra Espu\u00f1a y pedan\u00edas altas de Lorca y que cuenta con representaci\u00f3n de 13 ayuntamientos de la zona as\u00ed como de diversas organizaciones sociales, tiene su sede en Bullas, concretamente en el Paraje de la Rafa.<\/p>\n<p>Anexo a las oficinas de gesti\u00f3n de Integral se encuentra el <strong><a href=\"http:\/\/telecentrotierra.net\/\" target=\"_blank\" rel=\"noopener\">Telecentro Tierra<\/a><\/strong>, un moderno edificio con vivero de empresas, aula multimedia y despachos. Un proyecto de Integral desde el que se ofertan diversos servicios telem\u00e1ticos y formativos para toda la comarca.<\/p>\n<\/div><\/div><div  class=\"x-column x-sm x-1-3\" style=\"padding: 0px;\" ><img  class=\"x-img x-img-none\"  src=\"http:\/\/bullas.es\/desarrollo-local\/wp-content\/uploads\/sites\/3\/2016\/12\/Flag_of_Europe.svg_.png\" ><\/div><\/div><\/div><\/div>\n","protected":false},"excerpt":{"rendered":"<p>Bullas en EuropaLa Agencia de Desarrollo Local de Bullas ha participado en diversos programas europeos, integr\u00e1ndose en varias redes de colaboraci\u00f3n transnacional en el marco de la Uni\u00f3n Europea. En la actualidad se encuentran vigentes los siguientes proyectos: Vinest Life Sec Adapt Por otro lado, la entidad Integral, Sociedad para el Desarrollo Rural, constituida para fomentar y apoyar el desarrollo &#8230; <\/p>\n<div><a href=\"https:\/\/bullas.es\/desarrollo-local\/bullas-en-europa\/\" class=\"more-link\">Read More<\/a><\/div>\n","protected":false},"author":5,"featured_media":0,"parent":0,"menu_order":0,"comment_status":"closed","ping_status":"closed","template":"template-blank-4.php","meta":[],"yoast_head":"<!-- This site is optimized with the Yoast SEO plugin v16.6.1 - https:\/\/yoast.com\/wordpress\/plugins\/seo\/ -->\n<meta name=\"robots\" content=\"index, follow, max-snippet:-1, max-image-preview:large, max-video-preview:-1\" \/>\n<link rel=\"canonical\" href=\"https:\/\/bullas.es\/desarrollo-local\/bullas-en-europa\/\" \/>\n<meta property=\"og:locale\" content=\"es_ES\" \/>\n<meta property=\"og:type\" content=\"article\" \/>\n<meta property=\"og:title\" content=\"Bullas en Europa - Desarrollo Local\" \/>\n<meta property=\"og:description\" content=\"Bullas en EuropaLa Agencia de Desarrollo Local de Bullas ha participado en diversos programas europeos, integr\u00e1ndose en varias redes de colaboraci\u00f3n transnacional en el marco de la Uni\u00f3n Europea. En la actualidad se encuentran vigentes los siguientes proyectos: Vinest Life Sec Adapt Por otro lado, la entidad Integral, Sociedad para el Desarrollo Rural, constituida para fomentar y apoyar el desarrollo ... Read More\" \/>\n<meta property=\"og:url\" content=\"https:\/\/bullas.es\/desarrollo-local\/bullas-en-europa\/\" \/>\n<meta property=\"og:site_name\" content=\"Desarrollo Local\" \/>\n<meta property=\"article:modified_time\" content=\"2022-01-05T18:19:58+00:00\" \/>\n<meta property=\"og:image\" content=\"http:\/\/bullas.es\/desarrollo-local\/wp-content\/uploads\/sites\/3\/2016\/12\/friso.png\" \/>\n<meta name=\"twitter:card\" content=\"summary\" \/>\n<meta name=\"twitter:label1\" content=\"Tiempo de lectura\" \/>\n\t<meta name=\"twitter:data1\" content=\"3 minutos\" \/>\n<script type=\"application\/ld+json\" class=\"yoast-schema-graph\">{\"@context\":\"https:\/\/schema.org\",\"@graph\":[{\"@type\":\"WebSite\",\"@id\":\"https:\/\/bullas.es\/desarrollo-local\/#website\",\"url\":\"https:\/\/bullas.es\/desarrollo-local\/\",\"name\":\"Desarrollo Local\",\"description\":\"\",\"potentialAction\":[{\"@type\":\"SearchAction\",\"target\":{\"@type\":\"EntryPoint\",\"urlTemplate\":\"https:\/\/bullas.es\/desarrollo-local\/?s={search_term_string}\"},\"query-input\":\"required name=search_term_string\"}],\"inLanguage\":\"es\"},{\"@type\":\"ImageObject\",\"@id\":\"https:\/\/bullas.es\/desarrollo-local\/bullas-en-europa\/#primaryimage\",\"inLanguage\":\"es\",\"url\":\"http:\/\/bullas.es\/desarrollo-local\/wp-content\/uploads\/sites\/3\/2016\/12\/friso.png\",\"contentUrl\":\"http:\/\/bullas.es\/desarrollo-local\/wp-content\/uploads\/sites\/3\/2016\/12\/friso.png\"},{\"@type\":\"WebPage\",\"@id\":\"https:\/\/bullas.es\/desarrollo-local\/bullas-en-europa\/#webpage\",\"url\":\"https:\/\/bullas.es\/desarrollo-local\/bullas-en-europa\/\",\"name\":\"Bullas en Europa - Desarrollo Local\",\"isPartOf\":{\"@id\":\"https:\/\/bullas.es\/desarrollo-local\/#website\"},\"primaryImageOfPage\":{\"@id\":\"https:\/\/bullas.es\/desarrollo-local\/bullas-en-europa\/#primaryimage\"},\"datePublished\":\"2016-11-25T20:09:22+00:00\",\"dateModified\":\"2022-01-05T18:19:58+00:00\",\"breadcrumb\":{\"@id\":\"https:\/\/bullas.es\/desarrollo-local\/bullas-en-europa\/#breadcrumb\"},\"inLanguage\":\"es\",\"potentialAction\":[{\"@type\":\"ReadAction\",\"target\":[\"https:\/\/bullas.es\/desarrollo-local\/bullas-en-europa\/\"]}]},{\"@type\":\"BreadcrumbList\",\"@id\":\"https:\/\/bullas.es\/desarrollo-local\/bullas-en-europa\/#breadcrumb\",\"itemListElement\":[{\"@type\":\"ListItem\",\"position\":1,\"name\":\"Portada\",\"item\":\"https:\/\/bullas.es\/desarrollo-local\/\"},{\"@type\":\"ListItem\",\"position\":2,\"name\":\"Bullas en Europa\"}]}]}<\/script>\n<!-- \/ Yoast SEO plugin. -->","_links":{"self":[{"href":"https:\/\/bullas.es\/desarrollo-local\/wp-json\/wp\/v2\/pages\/35"}],"collection":[{"href":"https:\/\/bullas.es\/desarrollo-local\/wp-json\/wp\/v2\/pages"}],"about":[{"href":"https:\/\/bullas.es\/desarrollo-local\/wp-json\/wp\/v2\/types\/page"}],"author":[{"embeddable":true,"href":"https:\/\/bullas.es\/desarrollo-local\/wp-json\/wp\/v2\/users\/5"}],"replies":[{"embeddable":true,"href":"https:\/\/bullas.es\/desarrollo-local\/wp-json\/wp\/v2\/comments?post=35"}],"version-history":[{"count":7,"href":"https:\/\/bullas.es\/desarrollo-local\/wp-json\/wp\/v2\/pages\/35\/revisions"}],"predecessor-version":[{"id":302,"href":"https:\/\/bullas.es\/desarrollo-local\/wp-json\/wp\/v2\/pages\/35\/revisions\/302"}],"wp:attachment":[{"href":"https:\/\/bullas.es\/desarrollo-local\/wp-json\/wp\/v2\/media?parent=35"}],"curies":[{"name":"wp","href":"https:\/\/api.w.org\/{rel}","templated":true}]}}

<div id="cs-content" class="cs-content" ><div id="x-section-1" class="x-section" style="margin: 0px;padding: 10px 0px; background-color: transparent;"  ><div class="x-container max width" style="margin: 0px auto;padding: 0px;"  ><div  class="x-column x-sm x-1-1" style="padding: 0px;" ><h1  class="h-custom-headline h2" ><span>Bullas en Europa</span></h1></div></div><div class="x-container max width" style="margin: 0px auto;padding: 0px;"  ><div  class="x-column x-sm x-1-1" style="padding: 0px;" ><img  class="x-img x-img-none"  src="http://bullas.es/desarrollo-local/wp-content/uploads/sites/3/2016/12/friso.png" ></div></div><div class="x-container max width" style="margin: 0px auto;padding: 0px;"  ><div  class="x-column x-sm x-1-1" style="padding: 0px;" ><hr  class="x-hr" style="border-top-width: 1px;width: 100%;"></div></div></div><div id="x-section-2" class="x-section" style="margin: 0px;padding: 10px 0px; background-color: transparent;"  ><div class="x-container max width" style="margin: 0px auto;padding: 0px;"  ><div  class="x-column x-sm x-2-3" style="padding: 0px;" ><div class="x-text"  ><p>La Agencia de Desarrollo Local de Bullas ha participado en diversos programas europeos, integrándose en varias redes de colaboración transnacional en el marco de la Unión Europea.</p>
<p>En la actualidad se encuentran vigentes los siguientes proyectos:</p>
<ul>
<li><strong>Vinest</strong></li>
<li><strong><a href="http://www.lifesecadapt.eu/menu-home/who-we-are/" target="_blank" rel="noopener">Life Sec Adapt</a></strong></li>
</ul>
<p>Por otro lado, la entidad <strong><a href="http://www.integral.es/" target="_blank" rel="noopener">Integral, Sociedad para el Desarrollo Rural</a></strong>, constituida para fomentar y apoyar el desarrollo de las áreas rurales del Noroeste de Murcia, comarca del Río Mula, Sierra Espuña y pedanías altas de Lorca y que cuenta con representación de 13 ayuntamientos de la zona así como de diversas organizaciones sociales, tiene su sede en Bullas, concretamente en el Paraje de la Rafa.</p>
<p>Anexo a las oficinas de gestión de Integral se encuentra el <strong><a href="http://telecentrotierra.net/" target="_blank" rel="noopener">Telecentro Tierra</a></strong>, un moderno edificio con vivero de empresas, aula multimedia y despachos. Un proyecto de Integral desde el que se ofertan diversos servicios telemáticos y formativos para toda la comarca.</p>
</div></div><div  class="x-column x-sm x-1-3" style="padding: 0px;" ><img  class="x-img x-img-none"  src="http://bullas.es/desarrollo-local/wp-content/uploads/sites/3/2016/12/Flag_of_Europe.svg_.png" ></div></div></div></div>

<p>Bullas en EuropaLa Agencia de Desarrollo Local de Bullas ha participado en diversos programas europeos, integrándose en varias redes de colaboración transnacional en el marco de la Unión Europea. En la actualidad se encuentran vigentes los siguientes proyectos: Vinest Life Sec Adapt Por otro lado, la entidad Integral, Sociedad para el Desarrollo Rural, constituida para fomentar y apoyar el desarrollo &#8230; </p>
<div><a href="https://bullas.es/desarrollo-local/bullas-en-europa/" class="more-link">Read More</a></div>

<!-- This site is optimized with the Yoast SEO plugin v16.6.1 - https://yoast.com/wordpress/plugins/seo/ -->
<meta name="robots" content="index, follow, max-snippet:-1, max-image-preview:large, max-video-preview:-1" />
<link rel="canonical" href="https://bullas.es/desarrollo-local/bullas-en-europa/" />
<meta property="og:locale" content="es_ES" />
<meta property="og:type" content="article" />
<meta property="og:title" content="Bullas en Europa - Desarrollo Local" />
<meta property="og:description" content="Bullas en EuropaLa Agencia de Desarrollo Local de Bullas ha participado en diversos programas europeos, integrándose en varias redes de colaboración transnacional en el marco de la Unión Europea. En la actualidad se encuentran vigentes los siguientes proyectos: Vinest Life Sec Adapt Por otro lado, la entidad Integral, Sociedad para el Desarrollo Rural, constituida para fomentar y apoyar el desarrollo ... Read More" />
<meta property="og:url" content="https://bullas.es/desarrollo-local/bullas-en-europa/" />
<meta property="og:site_name" content="Desarrollo Local" />
<meta property="article:modified_time" content="2022-01-05T18:19:58+00:00" />
<meta property="og:image" content="http://bullas.es/desarrollo-local/wp-content/uploads/sites/3/2016/12/friso.png" />
<meta name="twitter:card" content="summary" />
<meta name="twitter:label1" content="Tiempo de lectura" />
	<meta name="twitter:data1" content="3 minutos" />
<script type="application/ld+json" class="yoast-schema-graph">{"@context":"https://schema.org","@graph":[{"@type":"WebSite","@id":"https://bullas.es/desarrollo-local/#website","url":"https://bullas.es/desarrollo-local/","name":"Desarrollo Local","description":"","potentialAction":[{"@type":"SearchAction","target":{"@type":"EntryPoint","urlTemplate":"https://bullas.es/desarrollo-local/?s={search_term_string}"},"query-input":"required name=search_term_string"}],"inLanguage":"es"},{"@type":"ImageObject","@id":"https://bullas.es/desarrollo-local/bullas-en-europa/#primaryimage","inLanguage":"es","url":"http://bullas.es/desarrollo-local/wp-content/uploads/sites/3/2016/12/friso.png","contentUrl":"http://bullas.es/desarrollo-local/wp-content/uploads/sites/3/2016/12/friso.png"},{"@type":"WebPage","@id":"https://bullas.es/desarrollo-local/bullas-en-europa/#webpage","url":"https://bullas.es/desarrollo-local/bullas-en-europa/","name":"Bullas en Europa - Desarrollo Local","isPartOf":{"@id":"https://bullas.es/desarrollo-local/#website"},"primaryImageOfPage":{"@id":"https://bullas.es/desarrollo-local/bullas-en-europa/#primaryimage"},"datePublished":"2016-11-25T20:09:22+00:00","dateModified":"2022-01-05T18:19:58+00:00","breadcrumb":{"@id":"https://bullas.es/desarrollo-local/bullas-en-europa/#breadcrumb"},"inLanguage":"es","potentialAction":[{"@type":"ReadAction","target":["https://bullas.es/desarrollo-local/bullas-en-europa/"]}]},{"@type":"BreadcrumbList","@id":"https://bullas.es/desarrollo-local/bullas-en-europa/#breadcrumb","itemListElement":[{"@type":"ListItem","position":1,"name":"Portada","item":"https://bullas.es/desarrollo-local/"},{"@type":"ListItem","position":2,"name":"Bullas en Europa"}]}]}</script>
<!-- / Yoast SEO plugin. -->
