{"id":34,"date":"2016-11-23T22:45:52","date_gmt":"2016-11-23T22:45:52","guid":{"rendered":"http:\/\/bullas.es\/multisite\/turismo\/?page_id=34"},"modified":"2016-12-29T18:03:08","modified_gmt":"2016-12-29T18:03:08","slug":"pedania-de-la-copa","status":"publish","type":"page","link":"https:\/\/bullas.es\/turismo\/pedania-de-la-copa\/","title":{"rendered":"Pedan\u00eda de La Copa"},"content":{"rendered":"<div id=\"cs-content\" class=\"cs-content\" ><div id=\"x-section-1\" class=\"x-section\" style=\"margin: 0px;padding: 10px 0px; background-color: transparent;\"  ><div class=\"x-container max width\" style=\"margin: 0px auto;padding: 0px;\"  ><div  class=\"x-column x-sm x-2-3\" style=\"padding: 0px;\" ><h1  class=\"h-custom-headline h2\" ><span>LA COPA<\/span><\/h1><\/div><div  class=\"x-column x-sm cs-ta-right x-1-3\" style=\"padding: 0px;\" ><img  class=\"x-img x-img-none\"  src=\"\" ><\/div><\/div><div class=\"x-container max width\" style=\"margin: 0px auto;padding: 0px;\"  ><div  class=\"x-column x-sm x-1-1\" style=\"padding: 0px;\" ><img  class=\"x-img x-img-none\"  src=\"http:\/\/bullas.es\/turismo\/wp-content\/uploads\/sites\/2\/2016\/12\/ni\u00f1o_parra_larga1920x100.png\" ><\/div><\/div><div class=\"x-container max width\" style=\"margin: 0px auto;padding: 0px;\"  ><div  class=\"x-column x-sm x-1-1\" style=\"padding: 0px;\" ><img  class=\"x-img x-img-none\"  src=\"http:\/\/bullas.es\/turismo\/wp-content\/uploads\/sites\/2\/2016\/12\/lacopa.jpg\" ><\/div><\/div><div class=\"x-container max width\" style=\"margin: 0px auto;padding: 0px;\"  ><div  class=\"x-column x-sm x-1-1\" style=\"padding: 0px;\" ><hr  class=\"x-hr\" style=\"border-top-width: 1px;\"><\/div><\/div><\/div><div id=\"x-section-2\" class=\"x-section\" style=\"margin: 0px;padding: 10px 0px; background-color: transparent;\"  ><div class=\"x-container max width\" style=\"margin: 0px auto;padding: 0px;\"  ><div  class=\"x-column x-sm x-2-3\" style=\"padding: 45px 0px;\" ><div class=\"x-text\"  ><p>Con una poblaci\u00f3n que se sit\u00faa en torno a los 800 habitantes, La Copa es la \u00fanica pedan\u00eda de Bullas. Se localiza al norte del municipio, a 545 metros sobre el nivel del mar en una llanura colindante con el vecino Campo de Cagit\u00e1n y a escasos 4 kil\u00f3metros de la cabecera municipal.\u00a0 <\/p>\n<p>Restos de villas romanas en los alrededores constituyen los vestigios m\u00e1s antiguos de una historia que va a correr paralela a la de Bullas, tanto en sus mismos or\u00edgenes como poblaci\u00f3n, que podr\u00edan situarse a principios del siglo XVII, como desde 1690, cuando sus habitantes deciden incorporarse al t\u00e9rmino de la reci\u00e9n creada Villa tras la secesi\u00f3n de la de Ceheg\u00edn, uniendo as\u00ed ambas entidades sus destinos hasta el d\u00eda de hoy. Se hablaba entonces y durante muchos a\u00f1os despu\u00e9s de las dos Copas, la de Arriba (peque\u00f1os caser\u00edos al pie del cerro de la Silla) y la de Abajo, esto es, La Copa propiamente dicha.\u00a0 <\/p>\n<p>La agricultura y la ganader\u00eda han supuesto la base de la econom\u00eda y la principal fuente de ocupaci\u00f3n de los habitantes de La Copa hasta bien entrado el siglo XX. Fue a principios de los a\u00f1os 60 cuando por iniciativa de una familia local se puso en marcha la que a la postre se convertir\u00eda en una importante empresa conservera que revolucion\u00f3 la vida econ\u00f3mica de la pedan\u00eda.\u00a0 <\/p>\n<p>La Copa de Bullas es un pueblo que ha sabido mantener una arraigada personalidad, y prueba de ello son sus fiestas y tradiciones, como las de San Ant\u00f3n en enero (con la popular Subasta y el Baile del Inocente), La Pur\u00edsima en diciembre (con el recorrido de los auroros por las calles) y las Patronales a principios de septiembre (en honor a la Virgen de la Consolaci\u00f3n y del Perpetuo Socorro). <\/p>\n<p>Los principales puntos de inter\u00e9s en La Copa son la iglesia de Nuestra Se\u00f1ora de la Consolaci\u00f3n, con unos or\u00edgenes casi tan antiguos como los de la propia aldea y constituida como Parroquia en 1904, y la reconstruida ermita del Calvario, que corona el barrio del mismo nombre y donde se custodia la imagen de San Ant\u00f3n.\u00a0 <\/p>\n<\/div><\/div><div  class=\"x-column x-sm x-1-3\" style=\"padding: 0px;\" ><img  class=\"x-img x-img-thumbnail\"  src=\"http:\/\/bullas.es\/turismo\/wp-content\/uploads\/sites\/2\/2016\/12\/iglesialacopa.jpg\" ><\/div><\/div><\/div><\/div>\n","protected":false},"excerpt":{"rendered":"","protected":false},"author":5,"featured_media":0,"parent":0,"menu_order":0,"comment_status":"closed","ping_status":"closed","template":"template-blank-4.php","meta":[],"yoast_head":"<!-- This site is optimized with the Yoast SEO plugin v16.6.1 - https:\/\/yoast.com\/wordpress\/plugins\/seo\/ -->\n<meta name=\"robots\" content=\"index, follow, max-snippet:-1, max-image-preview:large, max-video-preview:-1\" \/>\n<link rel=\"canonical\" href=\"https:\/\/bullas.es\/turismo\/pedania-de-la-copa\/\" \/>\n<meta property=\"og:locale\" content=\"es_ES\" \/>\n<meta property=\"og:type\" content=\"article\" \/>\n<meta property=\"og:title\" content=\"Pedan\u00eda de La Copa - Turismo de Bullas\" \/>\n<meta property=\"og:url\" content=\"https:\/\/bullas.es\/turismo\/pedania-de-la-copa\/\" \/>\n<meta property=\"og:site_name\" content=\"Turismo de Bullas\" \/>\n<meta property=\"article:publisher\" content=\"https:\/\/es-es.facebook.com\/TurismoBullas\/\" \/>\n<meta property=\"article:modified_time\" content=\"2016-12-29T18:03:08+00:00\" \/>\n<meta name=\"twitter:card\" content=\"summary\" \/>\n<meta name=\"twitter:site\" content=\"@turismobullas\" \/>\n<meta name=\"twitter:label1\" content=\"Tiempo de lectura\" \/>\n\t<meta name=\"twitter:data1\" content=\"4 minutos\" \/>\n<script type=\"application\/ld+json\" class=\"yoast-schema-graph\">{\"@context\":\"https:\/\/schema.org\",\"@graph\":[{\"@type\":\"WebSite\",\"@id\":\"https:\/\/bullas.es\/turismo\/#website\",\"url\":\"https:\/\/bullas.es\/turismo\/\",\"name\":\"Turismo de Bullas\",\"description\":\"Bullas Bodega Natural\",\"potentialAction\":[{\"@type\":\"SearchAction\",\"target\":{\"@type\":\"EntryPoint\",\"urlTemplate\":\"https:\/\/bullas.es\/turismo\/?s={search_term_string}\"},\"query-input\":\"required name=search_term_string\"}],\"inLanguage\":\"es\"},{\"@type\":\"WebPage\",\"@id\":\"https:\/\/bullas.es\/turismo\/pedania-de-la-copa\/#webpage\",\"url\":\"https:\/\/bullas.es\/turismo\/pedania-de-la-copa\/\",\"name\":\"Pedan\\u00eda de La Copa - Turismo de Bullas\",\"isPartOf\":{\"@id\":\"https:\/\/bullas.es\/turismo\/#website\"},\"datePublished\":\"2016-11-23T22:45:52+00:00\",\"dateModified\":\"2016-12-29T18:03:08+00:00\",\"breadcrumb\":{\"@id\":\"https:\/\/bullas.es\/turismo\/pedania-de-la-copa\/#breadcrumb\"},\"inLanguage\":\"es\",\"potentialAction\":[{\"@type\":\"ReadAction\",\"target\":[\"https:\/\/bullas.es\/turismo\/pedania-de-la-copa\/\"]}]},{\"@type\":\"BreadcrumbList\",\"@id\":\"https:\/\/bullas.es\/turismo\/pedania-de-la-copa\/#breadcrumb\",\"itemListElement\":[{\"@type\":\"ListItem\",\"position\":1,\"name\":\"Portada\",\"item\":\"https:\/\/bullas.es\/turismo\/\"},{\"@type\":\"ListItem\",\"position\":2,\"name\":\"Pedan\\u00eda de La Copa\"}]}]}<\/script>\n<!-- \/ Yoast SEO plugin. -->","_links":{"self":[{"href":"https:\/\/bullas.es\/turismo\/wp-json\/wp\/v2\/pages\/34"}],"collection":[{"href":"https:\/\/bullas.es\/turismo\/wp-json\/wp\/v2\/pages"}],"about":[{"href":"https:\/\/bullas.es\/turismo\/wp-json\/wp\/v2\/types\/page"}],"author":[{"embeddable":true,"href":"https:\/\/bullas.es\/turismo\/wp-json\/wp\/v2\/users\/5"}],"replies":[{"embeddable":true,"href":"https:\/\/bullas.es\/turismo\/wp-json\/wp\/v2\/comments?post=34"}],"version-history":[{"count":0,"href":"https:\/\/bullas.es\/turismo\/wp-json\/wp\/v2\/pages\/34\/revisions"}],"wp:attachment":[{"href":"https:\/\/bullas.es\/turismo\/wp-json\/wp\/v2\/media?parent=34"}],"curies":[{"name":"wp","href":"https:\/\/api.w.org\/{rel}","templated":true}]}}

Pedanía de La Copa

<div id="cs-content" class="cs-content" ><div id="x-section-1" class="x-section" style="margin: 0px;padding: 10px 0px; background-color: transparent;"  ><div class="x-container max width" style="margin: 0px auto;padding: 0px;"  ><div  class="x-column x-sm x-2-3" style="padding: 0px;" ><h1  class="h-custom-headline h2" ><span>LA COPA</span></h1></div><div  class="x-column x-sm cs-ta-right x-1-3" style="padding: 0px;" ><img  class="x-img x-img-none"  src="" ></div></div><div class="x-container max width" style="margin: 0px auto;padding: 0px;"  ><div  class="x-column x-sm x-1-1" style="padding: 0px;" ><img  class="x-img x-img-none"  src="http://bullas.es/turismo/wp-content/uploads/sites/2/2016/12/niño_parra_larga1920x100.png" ></div></div><div class="x-container max width" style="margin: 0px auto;padding: 0px;"  ><div  class="x-column x-sm x-1-1" style="padding: 0px;" ><img  class="x-img x-img-none"  src="http://bullas.es/turismo/wp-content/uploads/sites/2/2016/12/lacopa.jpg" ></div></div><div class="x-container max width" style="margin: 0px auto;padding: 0px;"  ><div  class="x-column x-sm x-1-1" style="padding: 0px;" ><hr  class="x-hr" style="border-top-width: 1px;"></div></div></div><div id="x-section-2" class="x-section" style="margin: 0px;padding: 10px 0px; background-color: transparent;"  ><div class="x-container max width" style="margin: 0px auto;padding: 0px;"  ><div  class="x-column x-sm x-2-3" style="padding: 45px 0px;" ><div class="x-text"  ><p>Con una población que se sitúa en torno a los 800 habitantes, La Copa es la única pedanía de Bullas. Se localiza al norte del municipio, a 545 metros sobre el nivel del mar en una llanura colindante con el vecino Campo de Cagitán y a escasos 4 kilómetros de la cabecera municipal.  </p>
<p>Restos de villas romanas en los alrededores constituyen los vestigios más antiguos de una historia que va a correr paralela a la de Bullas, tanto en sus mismos orígenes como población, que podrían situarse a principios del siglo XVII, como desde 1690, cuando sus habitantes deciden incorporarse al término de la recién creada Villa tras la secesión de la de Cehegín, uniendo así ambas entidades sus destinos hasta el día de hoy. Se hablaba entonces y durante muchos años después de las dos Copas, la de Arriba (pequeños caseríos al pie del cerro de la Silla) y la de Abajo, esto es, La Copa propiamente dicha.  </p>
<p>La agricultura y la ganadería han supuesto la base de la economía y la principal fuente de ocupación de los habitantes de La Copa hasta bien entrado el siglo XX. Fue a principios de los años 60 cuando por iniciativa de una familia local se puso en marcha la que a la postre se convertiría en una importante empresa conservera que revolucionó la vida económica de la pedanía.  </p>
<p>La Copa de Bullas es un pueblo que ha sabido mantener una arraigada personalidad, y prueba de ello son sus fiestas y tradiciones, como las de San Antón en enero (con la popular Subasta y el Baile del Inocente), La Purísima en diciembre (con el recorrido de los auroros por las calles) y las Patronales a principios de septiembre (en honor a la Virgen de la Consolación y del Perpetuo Socorro). </p>
<p>Los principales puntos de interés en La Copa son la iglesia de Nuestra Señora de la Consolación, con unos orígenes casi tan antiguos como los de la propia aldea y constituida como Parroquia en 1904, y la reconstruida ermita del Calvario, que corona el barrio del mismo nombre y donde se custodia la imagen de San Antón.  </p>
</div></div><div  class="x-column x-sm x-1-3" style="padding: 0px;" ><img  class="x-img x-img-thumbnail"  src="http://bullas.es/turismo/wp-content/uploads/sites/2/2016/12/iglesialacopa.jpg" ></div></div></div></div>

<!-- This site is optimized with the Yoast SEO plugin v16.6.1 - https://yoast.com/wordpress/plugins/seo/ -->
<meta name="robots" content="index, follow, max-snippet:-1, max-image-preview:large, max-video-preview:-1" />
<link rel="canonical" href="https://bullas.es/turismo/pedania-de-la-copa/" />
<meta property="og:locale" content="es_ES" />
<meta property="og:type" content="article" />
<meta property="og:title" content="Pedanía de La Copa - Turismo de Bullas" />
<meta property="og:url" content="https://bullas.es/turismo/pedania-de-la-copa/" />
<meta property="og:site_name" content="Turismo de Bullas" />
<meta property="article:publisher" content="https://es-es.facebook.com/TurismoBullas/" />
<meta property="article:modified_time" content="2016-12-29T18:03:08+00:00" />
<meta name="twitter:card" content="summary" />
<meta name="twitter:site" content="@turismobullas" />
<meta name="twitter:label1" content="Tiempo de lectura" />
	<meta name="twitter:data1" content="4 minutos" />
<script type="application/ld+json" class="yoast-schema-graph">{"@context":"https://schema.org","@graph":[{"@type":"WebSite","@id":"https://bullas.es/turismo/#website","url":"https://bullas.es/turismo/","name":"Turismo de Bullas","description":"Bullas Bodega Natural","potentialAction":[{"@type":"SearchAction","target":{"@type":"EntryPoint","urlTemplate":"https://bullas.es/turismo/?s={search_term_string}"},"query-input":"required name=search_term_string"}],"inLanguage":"es"},{"@type":"WebPage","@id":"https://bullas.es/turismo/pedania-de-la-copa/#webpage","url":"https://bullas.es/turismo/pedania-de-la-copa/","name":"Pedan\u00eda de La Copa - Turismo de Bullas","isPartOf":{"@id":"https://bullas.es/turismo/#website"},"datePublished":"2016-11-23T22:45:52+00:00","dateModified":"2016-12-29T18:03:08+00:00","breadcrumb":{"@id":"https://bullas.es/turismo/pedania-de-la-copa/#breadcrumb"},"inLanguage":"es","potentialAction":[{"@type":"ReadAction","target":["https://bullas.es/turismo/pedania-de-la-copa/"]}]},{"@type":"BreadcrumbList","@id":"https://bullas.es/turismo/pedania-de-la-copa/#breadcrumb","itemListElement":[{"@type":"ListItem","position":1,"name":"Portada","item":"https://bullas.es/turismo/"},{"@type":"ListItem","position":2,"name":"Pedan\u00eda de La Copa"}]}]}</script>
<!-- / Yoast SEO plugin. -->
