{"id":919,"date":"2017-05-23T16:11:25","date_gmt":"2017-05-23T16:11:25","guid":{"rendered":"http:\/\/bullas.es\/turismo\/?page_id=919\/"},"modified":"2020-06-23T16:46:49","modified_gmt":"2020-06-23T16:46:49","slug":"salto-del-usero","status":"publish","type":"page","link":"https:\/\/bullas.es\/turismo\/salto-del-usero\/","title":{"rendered":"Salto del Usero"},"content":{"rendered":"<div id=\"cs-content\" class=\"cs-content\" ><div id=\"x-section-1\" class=\"x-section\" style=\"margin: 0px;padding: 10px 0px; background-color: transparent;\"  ><div class=\"x-container max width\" style=\"margin: 0px auto;padding: 0px;\"  ><div  class=\"x-column x-sm x-2-3\" style=\"padding: 10px 0px;\" ><h1  class=\"h-custom-headline h2\" ><span>SALTO DEL USERO<\/span><\/h1><\/div><div  class=\"x-column x-sm cs-ta-right x-1-3\" style=\"padding: 0px;\" ><img  class=\"x-img x-img-none\"  src=\"\" ><\/div><\/div><div class=\"x-container max width\" style=\"margin: 0px auto;padding: 0px;\"  ><div  class=\"x-column x-sm x-1-1\" style=\"padding: 0px;\" ><img  class=\"x-img x-img-none\"  src=\"http:\/\/bullas.es\/turismo\/wp-content\/uploads\/sites\/2\/2016\/12\/ni\u00f1o_parra_larga1920x100.png\" ><\/div><\/div><div class=\"x-container max width\" style=\"margin: 0px auto;padding: 0px;\"  ><div  class=\"x-column x-sm x-1-1\" style=\"padding: 0px;\" ><img  class=\"x-img x-img-none\"  src=\"http:\/\/bullas.es\/turismo\/wp-content\/uploads\/sites\/2\/2017\/06\/saltocabecera.jpg\" ><\/div><\/div><div class=\"x-container max width\" style=\"margin: 0px auto;padding: 0px;\"  ><div  class=\"x-column x-sm x-1-1\" style=\"padding: 0px;\" ><hr  class=\"x-hr\" style=\"border-top-width: 1px;width: 100%;\"><\/div><\/div><\/div><div id=\"x-section-2\" class=\"x-section\" style=\"margin: 0px;padding: 45px 0px; background-color: transparent;\"  ><div class=\"x-container max width\" style=\"margin: 0px auto;padding: 0px;\"  ><div  class=\"x-column x-sm x-1-1\" style=\"padding: 0px;\" ><div class=\"x-text\"  ><p>El <strong>Salto del Usero<\/strong> es un espacio natural situado en el interior del <strong>municipio de Bullas<\/strong>, en el Noroeste de la Regi\u00f3n de Murcia. Est\u00e1 catalogado como<strong> Lugar de Inter\u00e9s Geol\u00f3gico<\/strong> (LIG). Adem\u00e1s, constituye un \u00e1mbito especial calificado como <strong>LIC<\/strong> (Lugar de Inter\u00e9s Comunitar\u00edo) y <strong>ZEC<\/strong> (Zona de Especial Conservaci\u00f3n), en el que concurren ecosistemas variados, amenazados por causas naturales y por la presi\u00f3n e incidencia de la actividad humana. Est\u00e1 incluido en la <strong>Red Natura 2000<\/strong>.<\/p>\n<p>El cauce del r\u00edo Mula presenta un encajonamiento en el que pueden observarse, fruto de diferentes procesos erosivos, la formaci\u00f3n de areniscas y travertinos de notable valor y de gran belleza paisaj\u00edstica, estando protegidos. Estos procesos han originado una <strong>peculiar morfolog\u00eda en b\u00f3veda<\/strong>, a trav\u00e9s de la cual se precipita el agua en una cascada formando <strong>una poza o \u201cvaera\u201d<\/strong>, de unos<strong> 5 metros de profundidad<\/strong>.<\/p>\n<\/div><a  class=\"x-img x-img-link x-img-none\"  href=\"http:\/\/bullas.es\/turismo\/reservas-salto-del-usero\/\" title=\"Reservas Salto del Usero \"    data-options=\"thumbnail: 'http:\/\/bullas.es\/turismo\/wp-content\/uploads\/sites\/2\/2020\/06\/RESRVASsaltodelusero.jpg'\"><img src=\"http:\/\/bullas.es\/turismo\/wp-content\/uploads\/sites\/2\/2020\/06\/RESRVASsaltodelusero.jpg\" ><\/a><\/div><\/div><\/div><div id=\"x-section-3\" class=\"x-section\" style=\"margin: 0px;padding: 45px 0px; background-color: transparent;\"  ><div class=\"x-container max width\" style=\"margin: 0px auto;padding: 0px;\"  ><div  class=\"x-column x-sm x-1-1\" style=\"padding: 0px;\" ><div class=\"x-flexslider-shortcode-container with-container\"><div  class=\"x-flexslider x-flexslider-shortcode x-flexslider-shortcode-1\" data-x-element=\"slider\" data-x-params=\"{&quot;animation&quot;:&quot;slide&quot;,&quot;reverse&quot;:false,&quot;slideTime&quot;:&quot;7000&quot;,&quot;slideSpeed&quot;:&quot;1000&quot;,&quot;controlNav&quot;:false,&quot;prevNextNav&quot;:true,&quot;slideshow&quot;:false,&quot;random&quot;:false,&quot;touch&quot;:true,&quot;pauseOnHover&quot;:false}\"  ><ul class=\"x-slides\"><li  class=\"x-slide\" ><img loading=\"lazy\" class=\"alignnone size-full wp-image-1059\" src=\"http:\/\/bullas.es\/turismo\/wp-content\/uploads\/sites\/2\/2017\/06\/prueba-1.jpg\" alt=\"\" width=\"1200\" height=\"600\" \/><\/li><li  class=\"x-slide\" ><img loading=\"lazy\" class=\"alignnone size-full wp-image-1063\" src=\"http:\/\/bullas.es\/turismo\/wp-content\/uploads\/sites\/2\/2017\/06\/SALTO1-5.jpg\" alt=\"\" width=\"1200\" height=\"600\" \/><\/li><li  class=\"x-slide\" ><img loading=\"lazy\" class=\"alignnone size-full wp-image-1069\" src=\"http:\/\/bullas.es\/turismo\/wp-content\/uploads\/sites\/2\/2017\/06\/SALTO4.jpg\" alt=\"\" width=\"1200\" height=\"600\" \/><\/li><li  class=\"x-slide\" ><img loading=\"lazy\" class=\"alignnone size-full wp-image-1066\" src=\"http:\/\/bullas.es\/turismo\/wp-content\/uploads\/sites\/2\/2017\/06\/SALTO3.jpg\" alt=\"\" width=\"1200\" height=\"600\" \/><\/li><li  class=\"x-slide\" ><img loading=\"lazy\" class=\"alignnone size-full wp-image-1070\" src=\"http:\/\/bullas.es\/turismo\/wp-content\/uploads\/sites\/2\/2017\/06\/SALTO5.jpg\" alt=\"\" width=\"1200\" height=\"600\" \/><\/li><li  class=\"x-slide\" ><img loading=\"lazy\" class=\"alignnone wp-image-946 size-full\" src=\"http:\/\/bullas.es\/turismo\/wp-content\/uploads\/sites\/2\/2017\/05\/salto10.jpg\" alt=\"\" width=\"1200\" height=\"600\" \/><\/li><\/ul><\/div><\/div><\/div><\/div><\/div><div id=\"x-section-4\" class=\"x-section\" style=\"margin: 0px;padding: 45px 0px; background-color: transparent;\"  ><div class=\"x-container max width\" style=\"margin: 0px auto;padding: 0px;\"  ><div  class=\"x-column x-sm x-1-3\" style=\"padding: 0px;\" ><a  class=\"x-img x-img-link x-img-none\"  href=\"http:\/\/bullas.es\/turismo\/wp-content\/uploads\/sites\/2\/2017\/06\/Callejero-Turi\u0117stico-2017.pdf\"  target=\"_blank\" rel=\"\"   data-options=\"thumbnail: 'http:\/\/bullas.es\/turismo\/wp-content\/uploads\/sites\/2\/2017\/06\/CALLEJERO-1.jpg'\"><img src=\"http:\/\/bullas.es\/turismo\/wp-content\/uploads\/sites\/2\/2017\/06\/CALLEJERO-1.jpg\" alt=\"Callejero\"><\/a><\/div><div  class=\"x-column x-sm x-1-3\" style=\"padding: 0px;\" ><a  class=\"x-img x-img-link x-img-none\"  href=\"http:\/\/bullas.es\/turismo\/wp-content\/uploads\/sites\/2\/2017\/06\/Salto-del-Usero-gen\u00e9rico.pdf\"  target=\"_blank\" rel=\"\"   data-options=\"thumbnail: 'http:\/\/bullas.es\/turismo\/wp-content\/uploads\/sites\/2\/2017\/06\/FOLLETO-1.jpg'\"><img src=\"http:\/\/bullas.es\/turismo\/wp-content\/uploads\/sites\/2\/2017\/06\/FOLLETO-1.jpg\" ><\/a><\/div><div  class=\"x-column x-sm x-1-3\" style=\"padding: 0px;\" ><a  class=\"x-img x-img-link x-img-none\"  href=\"http:\/\/bullas.es\/turismo\/wp-content\/uploads\/sites\/2\/2017\/06\/Ordenanza-Cuenca-R\u00edo-Mula.pdf\"  target=\"_blank\" rel=\"\"   data-options=\"thumbnail: 'http:\/\/bullas.es\/turismo\/wp-content\/uploads\/sites\/2\/2017\/06\/ORDENANZA-1.jpg'\"><img src=\"http:\/\/bullas.es\/turismo\/wp-content\/uploads\/sites\/2\/2017\/06\/ORDENANZA-1.jpg\" ><\/a><\/div><\/div><\/div><\/div>\n","protected":false},"excerpt":{"rendered":"<p>SALTO DEL USEROEl Salto del Usero es un espacio natural situado en el interior del municipio de Bullas, en el Noroeste de la Regi\u00f3n de Murcia. Est\u00e1 catalogado como Lugar de Inter\u00e9s Geol\u00f3gico (LIG). Adem\u00e1s, constituye un \u00e1mbito especial calificado como LIC (Lugar de Inter\u00e9s Comunitar\u00edo) y ZEC (Zona de Especial Conservaci\u00f3n), en el que concurren ecosistemas variados, amenazados por &#8230; <\/p>\n<div><a href=\"https:\/\/bullas.es\/turismo\/salto-del-usero\/\" class=\"more-link\">Read More<\/a><\/div>\n","protected":false},"author":3,"featured_media":0,"parent":0,"menu_order":0,"comment_status":"closed","ping_status":"closed","template":"template-blank-4.php","meta":[],"yoast_head":"<!-- This site is optimized with the Yoast SEO plugin v16.6.1 - https:\/\/yoast.com\/wordpress\/plugins\/seo\/ -->\n<meta name=\"robots\" content=\"index, follow, max-snippet:-1, max-image-preview:large, max-video-preview:-1\" \/>\n<link rel=\"canonical\" href=\"https:\/\/bullas.es\/turismo\/salto-del-usero\/\" \/>\n<meta property=\"og:locale\" content=\"es_ES\" \/>\n<meta property=\"og:type\" content=\"article\" \/>\n<meta property=\"og:title\" content=\"Salto del Usero - Turismo de Bullas\" \/>\n<meta property=\"og:description\" content=\"SALTO DEL USEROEl Salto del Usero es un espacio natural situado en el interior del municipio de Bullas, en el Noroeste de la Regi\u00f3n de Murcia. Est\u00e1 catalogado como Lugar de Inter\u00e9s Geol\u00f3gico (LIG). Adem\u00e1s, constituye un \u00e1mbito especial calificado como LIC (Lugar de Inter\u00e9s Comunitar\u00edo) y ZEC (Zona de Especial Conservaci\u00f3n), en el que concurren ecosistemas variados, amenazados por ... Read More\" \/>\n<meta property=\"og:url\" content=\"https:\/\/bullas.es\/turismo\/salto-del-usero\/\" \/>\n<meta property=\"og:site_name\" content=\"Turismo de Bullas\" \/>\n<meta property=\"article:publisher\" content=\"https:\/\/es-es.facebook.com\/TurismoBullas\/\" \/>\n<meta property=\"article:modified_time\" content=\"2020-06-23T16:46:49+00:00\" \/>\n<meta property=\"og:image\" content=\"http:\/\/bullas.es\/turismo\/wp-content\/uploads\/sites\/2\/2017\/06\/prueba-1.jpg\" \/>\n<meta name=\"twitter:card\" content=\"summary\" \/>\n<meta name=\"twitter:site\" content=\"@turismobullas\" \/>\n<meta name=\"twitter:label1\" content=\"Tiempo de lectura\" \/>\n\t<meta name=\"twitter:data1\" content=\"6 minutos\" \/>\n<script type=\"application\/ld+json\" class=\"yoast-schema-graph\">{\"@context\":\"https:\/\/schema.org\",\"@graph\":[{\"@type\":\"WebSite\",\"@id\":\"https:\/\/bullas.es\/turismo\/#website\",\"url\":\"https:\/\/bullas.es\/turismo\/\",\"name\":\"Turismo de Bullas\",\"description\":\"Bullas Bodega Natural\",\"potentialAction\":[{\"@type\":\"SearchAction\",\"target\":{\"@type\":\"EntryPoint\",\"urlTemplate\":\"https:\/\/bullas.es\/turismo\/?s={search_term_string}\"},\"query-input\":\"required name=search_term_string\"}],\"inLanguage\":\"es\"},{\"@type\":\"ImageObject\",\"@id\":\"https:\/\/bullas.es\/turismo\/salto-del-usero\/#primaryimage\",\"inLanguage\":\"es\",\"url\":\"http:\/\/bullas.es\/turismo\/wp-content\/uploads\/sites\/2\/2017\/06\/prueba-1.jpg\",\"contentUrl\":\"http:\/\/bullas.es\/turismo\/wp-content\/uploads\/sites\/2\/2017\/06\/prueba-1.jpg\"},{\"@type\":\"WebPage\",\"@id\":\"https:\/\/bullas.es\/turismo\/salto-del-usero\/#webpage\",\"url\":\"https:\/\/bullas.es\/turismo\/salto-del-usero\/\",\"name\":\"Salto del Usero - Turismo de Bullas\",\"isPartOf\":{\"@id\":\"https:\/\/bullas.es\/turismo\/#website\"},\"primaryImageOfPage\":{\"@id\":\"https:\/\/bullas.es\/turismo\/salto-del-usero\/#primaryimage\"},\"datePublished\":\"2017-05-23T16:11:25+00:00\",\"dateModified\":\"2020-06-23T16:46:49+00:00\",\"breadcrumb\":{\"@id\":\"https:\/\/bullas.es\/turismo\/salto-del-usero\/#breadcrumb\"},\"inLanguage\":\"es\",\"potentialAction\":[{\"@type\":\"ReadAction\",\"target\":[\"https:\/\/bullas.es\/turismo\/salto-del-usero\/\"]}]},{\"@type\":\"BreadcrumbList\",\"@id\":\"https:\/\/bullas.es\/turismo\/salto-del-usero\/#breadcrumb\",\"itemListElement\":[{\"@type\":\"ListItem\",\"position\":1,\"name\":\"Portada\",\"item\":\"https:\/\/bullas.es\/turismo\/\"},{\"@type\":\"ListItem\",\"position\":2,\"name\":\"Salto del Usero\"}]}]}<\/script>\n<!-- \/ Yoast SEO plugin. -->","_links":{"self":[{"href":"https:\/\/bullas.es\/turismo\/wp-json\/wp\/v2\/pages\/919"}],"collection":[{"href":"https:\/\/bullas.es\/turismo\/wp-json\/wp\/v2\/pages"}],"about":[{"href":"https:\/\/bullas.es\/turismo\/wp-json\/wp\/v2\/types\/page"}],"author":[{"embeddable":true,"href":"https:\/\/bullas.es\/turismo\/wp-json\/wp\/v2\/users\/3"}],"replies":[{"embeddable":true,"href":"https:\/\/bullas.es\/turismo\/wp-json\/wp\/v2\/comments?post=919"}],"version-history":[{"count":0,"href":"https:\/\/bullas.es\/turismo\/wp-json\/wp\/v2\/pages\/919\/revisions"}],"wp:attachment":[{"href":"https:\/\/bullas.es\/turismo\/wp-json\/wp\/v2\/media?parent=919"}],"curies":[{"name":"wp","href":"https:\/\/api.w.org\/{rel}","templated":true}]}}

<div id="cs-content" class="cs-content" ><div id="x-section-1" class="x-section" style="margin: 0px;padding: 10px 0px; background-color: transparent;"  ><div class="x-container max width" style="margin: 0px auto;padding: 0px;"  ><div  class="x-column x-sm x-2-3" style="padding: 10px 0px;" ><h1  class="h-custom-headline h2" ><span>SALTO DEL USERO</span></h1></div><div  class="x-column x-sm cs-ta-right x-1-3" style="padding: 0px;" ><img  class="x-img x-img-none"  src="" ></div></div><div class="x-container max width" style="margin: 0px auto;padding: 0px;"  ><div  class="x-column x-sm x-1-1" style="padding: 0px;" ><img  class="x-img x-img-none"  src="http://bullas.es/turismo/wp-content/uploads/sites/2/2016/12/niño_parra_larga1920x100.png" ></div></div><div class="x-container max width" style="margin: 0px auto;padding: 0px;"  ><div  class="x-column x-sm x-1-1" style="padding: 0px;" ><img  class="x-img x-img-none"  src="http://bullas.es/turismo/wp-content/uploads/sites/2/2017/06/saltocabecera.jpg" ></div></div><div class="x-container max width" style="margin: 0px auto;padding: 0px;"  ><div  class="x-column x-sm x-1-1" style="padding: 0px;" ><hr  class="x-hr" style="border-top-width: 1px;width: 100%;"></div></div></div><div id="x-section-2" class="x-section" style="margin: 0px;padding: 45px 0px; background-color: transparent;"  ><div class="x-container max width" style="margin: 0px auto;padding: 0px;"  ><div  class="x-column x-sm x-1-1" style="padding: 0px;" ><div class="x-text"  ><p>El <strong>Salto del Usero</strong> es un espacio natural situado en el interior del <strong>municipio de Bullas</strong>, en el Noroeste de la Región de Murcia. Está catalogado como<strong> Lugar de Interés Geológico</strong> (LIG). Además, constituye un ámbito especial calificado como <strong>LIC</strong> (Lugar de Interés Comunitarío) y <strong>ZEC</strong> (Zona de Especial Conservación), en el que concurren ecosistemas variados, amenazados por causas naturales y por la presión e incidencia de la actividad humana. Está incluido en la <strong>Red Natura 2000</strong>.</p>
<p>El cauce del río Mula presenta un encajonamiento en el que pueden observarse, fruto de diferentes procesos erosivos, la formación de areniscas y travertinos de notable valor y de gran belleza paisajística, estando protegidos. Estos procesos han originado una <strong>peculiar morfología en bóveda</strong>, a través de la cual se precipita el agua en una cascada formando <strong>una poza o “vaera”</strong>, de unos<strong> 5 metros de profundidad</strong>.</p>
</div><a  class="x-img x-img-link x-img-none"  href="http://bullas.es/turismo/reservas-salto-del-usero/" title="Reservas Salto del Usero "    data-options="thumbnail: 'http://bullas.es/turismo/wp-content/uploads/sites/2/2020/06/RESRVASsaltodelusero.jpg'"><img src="http://bullas.es/turismo/wp-content/uploads/sites/2/2020/06/RESRVASsaltodelusero.jpg" ></a></div></div></div><div id="x-section-3" class="x-section" style="margin: 0px;padding: 45px 0px; background-color: transparent;"  ><div class="x-container max width" style="margin: 0px auto;padding: 0px;"  ><div  class="x-column x-sm x-1-1" style="padding: 0px;" ><div class="x-flexslider-shortcode-container with-container"><div  class="x-flexslider x-flexslider-shortcode x-flexslider-shortcode-1" data-x-element="slider" data-x-params="{&quot;animation&quot;:&quot;slide&quot;,&quot;reverse&quot;:false,&quot;slideTime&quot;:&quot;7000&quot;,&quot;slideSpeed&quot;:&quot;1000&quot;,&quot;controlNav&quot;:false,&quot;prevNextNav&quot;:true,&quot;slideshow&quot;:false,&quot;random&quot;:false,&quot;touch&quot;:true,&quot;pauseOnHover&quot;:false}"  ><ul class="x-slides"><li  class="x-slide" ><img loading="lazy" class="alignnone size-full wp-image-1059" src="http://bullas.es/turismo/wp-content/uploads/sites/2/2017/06/prueba-1.jpg" alt="" width="1200" height="600" /></li><li  class="x-slide" ><img loading="lazy" class="alignnone size-full wp-image-1063" src="http://bullas.es/turismo/wp-content/uploads/sites/2/2017/06/SALTO1-5.jpg" alt="" width="1200" height="600" /></li><li  class="x-slide" ><img loading="lazy" class="alignnone size-full wp-image-1069" src="http://bullas.es/turismo/wp-content/uploads/sites/2/2017/06/SALTO4.jpg" alt="" width="1200" height="600" /></li><li  class="x-slide" ><img loading="lazy" class="alignnone size-full wp-image-1066" src="http://bullas.es/turismo/wp-content/uploads/sites/2/2017/06/SALTO3.jpg" alt="" width="1200" height="600" /></li><li  class="x-slide" ><img loading="lazy" class="alignnone size-full wp-image-1070" src="http://bullas.es/turismo/wp-content/uploads/sites/2/2017/06/SALTO5.jpg" alt="" width="1200" height="600" /></li><li  class="x-slide" ><img loading="lazy" class="alignnone wp-image-946 size-full" src="http://bullas.es/turismo/wp-content/uploads/sites/2/2017/05/salto10.jpg" alt="" width="1200" height="600" /></li></ul></div></div></div></div></div><div id="x-section-4" class="x-section" style="margin: 0px;padding: 45px 0px; background-color: transparent;"  ><div class="x-container max width" style="margin: 0px auto;padding: 0px;"  ><div  class="x-column x-sm x-1-3" style="padding: 0px;" ><a  class="x-img x-img-link x-img-none"  href="http://bullas.es/turismo/wp-content/uploads/sites/2/2017/06/Callejero-Turiėstico-2017.pdf"  target="_blank" rel=""   data-options="thumbnail: 'http://bullas.es/turismo/wp-content/uploads/sites/2/2017/06/CALLEJERO-1.jpg'"><img src="http://bullas.es/turismo/wp-content/uploads/sites/2/2017/06/CALLEJERO-1.jpg" alt="Callejero"></a></div><div  class="x-column x-sm x-1-3" style="padding: 0px;" ><a  class="x-img x-img-link x-img-none"  href="http://bullas.es/turismo/wp-content/uploads/sites/2/2017/06/Salto-del-Usero-genérico.pdf"  target="_blank" rel=""   data-options="thumbnail: 'http://bullas.es/turismo/wp-content/uploads/sites/2/2017/06/FOLLETO-1.jpg'"><img src="http://bullas.es/turismo/wp-content/uploads/sites/2/2017/06/FOLLETO-1.jpg" ></a></div><div  class="x-column x-sm x-1-3" style="padding: 0px;" ><a  class="x-img x-img-link x-img-none"  href="http://bullas.es/turismo/wp-content/uploads/sites/2/2017/06/Ordenanza-Cuenca-Río-Mula.pdf"  target="_blank" rel=""   data-options="thumbnail: 'http://bullas.es/turismo/wp-content/uploads/sites/2/2017/06/ORDENANZA-1.jpg'"><img src="http://bullas.es/turismo/wp-content/uploads/sites/2/2017/06/ORDENANZA-1.jpg" ></a></div></div></div></div>

<p>SALTO DEL USEROEl Salto del Usero es un espacio natural situado en el interior del municipio de Bullas, en el Noroeste de la Región de Murcia. Está catalogado como Lugar de Interés Geológico (LIG). Además, constituye un ámbito especial calificado como LIC (Lugar de Interés Comunitarío) y ZEC (Zona de Especial Conservación), en el que concurren ecosistemas variados, amenazados por &#8230; </p>
<div><a href="https://bullas.es/turismo/salto-del-usero/" class="more-link">Read More</a></div>

<!-- This site is optimized with the Yoast SEO plugin v16.6.1 - https://yoast.com/wordpress/plugins/seo/ -->
<meta name="robots" content="index, follow, max-snippet:-1, max-image-preview:large, max-video-preview:-1" />
<link rel="canonical" href="https://bullas.es/turismo/salto-del-usero/" />
<meta property="og:locale" content="es_ES" />
<meta property="og:type" content="article" />
<meta property="og:title" content="Salto del Usero - Turismo de Bullas" />
<meta property="og:description" content="SALTO DEL USEROEl Salto del Usero es un espacio natural situado en el interior del municipio de Bullas, en el Noroeste de la Región de Murcia. Está catalogado como Lugar de Interés Geológico (LIG). Además, constituye un ámbito especial calificado como LIC (Lugar de Interés Comunitarío) y ZEC (Zona de Especial Conservación), en el que concurren ecosistemas variados, amenazados por ... Read More" />
<meta property="og:url" content="https://bullas.es/turismo/salto-del-usero/" />
<meta property="og:site_name" content="Turismo de Bullas" />
<meta property="article:publisher" content="https://es-es.facebook.com/TurismoBullas/" />
<meta property="article:modified_time" content="2020-06-23T16:46:49+00:00" />
<meta property="og:image" content="http://bullas.es/turismo/wp-content/uploads/sites/2/2017/06/prueba-1.jpg" />
<meta name="twitter:card" content="summary" />
<meta name="twitter:site" content="@turismobullas" />
<meta name="twitter:label1" content="Tiempo de lectura" />
	<meta name="twitter:data1" content="6 minutos" />
<script type="application/ld+json" class="yoast-schema-graph">{"@context":"https://schema.org","@graph":[{"@type":"WebSite","@id":"https://bullas.es/turismo/#website","url":"https://bullas.es/turismo/","name":"Turismo de Bullas","description":"Bullas Bodega Natural","potentialAction":[{"@type":"SearchAction","target":{"@type":"EntryPoint","urlTemplate":"https://bullas.es/turismo/?s={search_term_string}"},"query-input":"required name=search_term_string"}],"inLanguage":"es"},{"@type":"ImageObject","@id":"https://bullas.es/turismo/salto-del-usero/#primaryimage","inLanguage":"es","url":"http://bullas.es/turismo/wp-content/uploads/sites/2/2017/06/prueba-1.jpg","contentUrl":"http://bullas.es/turismo/wp-content/uploads/sites/2/2017/06/prueba-1.jpg"},{"@type":"WebPage","@id":"https://bullas.es/turismo/salto-del-usero/#webpage","url":"https://bullas.es/turismo/salto-del-usero/","name":"Salto del Usero - Turismo de Bullas","isPartOf":{"@id":"https://bullas.es/turismo/#website"},"primaryImageOfPage":{"@id":"https://bullas.es/turismo/salto-del-usero/#primaryimage"},"datePublished":"2017-05-23T16:11:25+00:00","dateModified":"2020-06-23T16:46:49+00:00","breadcrumb":{"@id":"https://bullas.es/turismo/salto-del-usero/#breadcrumb"},"inLanguage":"es","potentialAction":[{"@type":"ReadAction","target":["https://bullas.es/turismo/salto-del-usero/"]}]},{"@type":"BreadcrumbList","@id":"https://bullas.es/turismo/salto-del-usero/#breadcrumb","itemListElement":[{"@type":"ListItem","position":1,"name":"Portada","item":"https://bullas.es/turismo/"},{"@type":"ListItem","position":2,"name":"Salto del Usero"}]}]}</script>
<!-- / Yoast SEO plugin. -->
